{"id":639,"date":"2022-04-11T17:19:00","date_gmt":"2022-04-11T15:19:00","guid":{"rendered":"https:\/\/assolaima.fr\/?page_id=639"},"modified":"2022-10-19T18:42:54","modified_gmt":"2022-10-19T16:42:54","slug":"public-senior","status":"publish","type":"page","link":"https:\/\/assolaima.fr\/index.php\/public-senior\/","title":{"rendered":"Public Senior"},"content":{"rendered":"\n<div class=\"wp-block-media-text alignwide is-stacked-on-mobile\"><figure class=\"wp-block-media-text__media\"><img loading=\"lazy\" width=\"1024\" height=\"165\" src=\"http:\/\/assolaima.fr\/wp-content\/uploads\/2021\/11\/bg-EVEIL_bandeau_haut-1024x165.jpg\" alt=\"\" class=\"wp-image-465 size-full\" srcset=\"https:\/\/assolaima.fr\/wp-content\/uploads\/2021\/11\/bg-EVEIL_bandeau_haut-1024x165.jpg 1024w, https:\/\/assolaima.fr\/wp-content\/uploads\/2021\/11\/bg-EVEIL_bandeau_haut-300x48.jpg 300w, https:\/\/assolaima.fr\/wp-content\/uploads\/2021\/11\/bg-EVEIL_bandeau_haut-768x124.jpg 768w, https:\/\/assolaima.fr\/wp-content\/uploads\/2021\/11\/bg-EVEIL_bandeau_haut.jpg 1181w\" sizes=\"(max-width: 767px) 89vw, (max-width: 1000px) 54vw, (max-width: 1071px) 543px, 580px\" \/><\/figure><div class=\"wp-block-media-text__content\">\n<p class=\"has-large-font-size\">avec le <br><a href=\"https:\/\/assolaima.fr\/index.php\/reseau-allie-es\/\" target=\"_blank\" rel=\"noreferrer noopener\">Centre Social \u00c9veil<\/a><\/p>\n<\/div><\/div>\n\n\n\n<p>Des cycles d&rsquo;ateliers \u00e0 destination des <strong>Seniors <\/strong>: 4 rencontres <strong>\u00ab\u00a0Un temps pour soi\u00a0\u00bb<\/strong> pour apprendre \u00e0 mieux se conna\u00eetre, \u00e0 r\u00e9guler ses \u00e9motions et ses douleurs.<\/p>\n\n\n\n<div class=\"wp-block-columns\">\n<div class=\"wp-block-column\" style=\"flex-basis:100%\">\n<div class=\"wp-block-group\"><div class=\"wp-block-group__inner-container\">\n<figure class=\"wp-block-gallery columns-3 is-cropped\"><ul class=\"blocks-gallery-grid\"><li class=\"blocks-gallery-item\"><figure><img loading=\"lazy\" width=\"1587\" height=\"2245\" src=\"https:\/\/assolaima.fr\/wp-content\/uploads\/2022\/04\/un-temps-pour-soi-1.jpg\" alt=\"\" data-id=\"640\" data-link=\"https:\/\/assolaima.fr\/?attachment_id=640\" class=\"wp-image-640\" srcset=\"https:\/\/assolaima.fr\/wp-content\/uploads\/2022\/04\/un-temps-pour-soi-1.jpg 1587w, https:\/\/assolaima.fr\/wp-content\/uploads\/2022\/04\/un-temps-pour-soi-1-212x300.jpg 212w, https:\/\/assolaima.fr\/wp-content\/uploads\/2022\/04\/un-temps-pour-soi-1-724x1024.jpg 724w, https:\/\/assolaima.fr\/wp-content\/uploads\/2022\/04\/un-temps-pour-soi-1-768x1086.jpg 768w, https:\/\/assolaima.fr\/wp-content\/uploads\/2022\/04\/un-temps-pour-soi-1-1086x1536.jpg 1086w, https:\/\/assolaima.fr\/wp-content\/uploads\/2022\/04\/un-temps-pour-soi-1-1448x2048.jpg 1448w\" sizes=\"(max-width: 767px) 89vw, (max-width: 1000px) 54vw, (max-width: 1071px) 543px, 580px\" \/><figcaption class=\"blocks-gallery-item__caption\">\u00ab\u00a0Un temps pour soi\u00a0\u00bb \u00e0 Pluherlin<\/figcaption><\/figure><\/li><li class=\"blocks-gallery-item\"><figure><img loading=\"lazy\" width=\"1587\" height=\"2245\" src=\"https:\/\/assolaima.fr\/wp-content\/uploads\/2022\/04\/un_temps_pour_soi_saintgrave_mai2022-2.jpg\" alt=\"\" data-id=\"638\" data-link=\"https:\/\/assolaima.fr\/?attachment_id=638\" class=\"wp-image-638\" srcset=\"https:\/\/assolaima.fr\/wp-content\/uploads\/2022\/04\/un_temps_pour_soi_saintgrave_mai2022-2.jpg 1587w, https:\/\/assolaima.fr\/wp-content\/uploads\/2022\/04\/un_temps_pour_soi_saintgrave_mai2022-2-212x300.jpg 212w, https:\/\/assolaima.fr\/wp-content\/uploads\/2022\/04\/un_temps_pour_soi_saintgrave_mai2022-2-724x1024.jpg 724w, https:\/\/assolaima.fr\/wp-content\/uploads\/2022\/04\/un_temps_pour_soi_saintgrave_mai2022-2-768x1086.jpg 768w, https:\/\/assolaima.fr\/wp-content\/uploads\/2022\/04\/un_temps_pour_soi_saintgrave_mai2022-2-1086x1536.jpg 1086w, https:\/\/assolaima.fr\/wp-content\/uploads\/2022\/04\/un_temps_pour_soi_saintgrave_mai2022-2-1448x2048.jpg 1448w\" sizes=\"(max-width: 767px) 89vw, (max-width: 1000px) 54vw, (max-width: 1071px) 543px, 580px\" \/><figcaption class=\"blocks-gallery-item__caption\">\u00ab\u00a0Un temps pour soi\u00a0\u00bb \u00e0 Sain-Grav\u00e9<\/figcaption><\/figure><\/li><li class=\"blocks-gallery-item\"><figure><img loading=\"lazy\" width=\"1587\" height=\"2245\" src=\"https:\/\/assolaima.fr\/wp-content\/uploads\/2022\/04\/un-temps-pour-soi-caden.jpg\" alt=\"\" data-id=\"637\" data-link=\"https:\/\/assolaima.fr\/?attachment_id=637\" class=\"wp-image-637\" srcset=\"https:\/\/assolaima.fr\/wp-content\/uploads\/2022\/04\/un-temps-pour-soi-caden.jpg 1587w, https:\/\/assolaima.fr\/wp-content\/uploads\/2022\/04\/un-temps-pour-soi-caden-212x300.jpg 212w, https:\/\/assolaima.fr\/wp-content\/uploads\/2022\/04\/un-temps-pour-soi-caden-724x1024.jpg 724w, https:\/\/assolaima.fr\/wp-content\/uploads\/2022\/04\/un-temps-pour-soi-caden-768x1086.jpg 768w, https:\/\/assolaima.fr\/wp-content\/uploads\/2022\/04\/un-temps-pour-soi-caden-1086x1536.jpg 1086w, https:\/\/assolaima.fr\/wp-content\/uploads\/2022\/04\/un-temps-pour-soi-caden-1448x2048.jpg 1448w\" sizes=\"(max-width: 767px) 89vw, (max-width: 1000px) 54vw, (max-width: 1071px) 543px, 580px\" \/><figcaption class=\"blocks-gallery-item__caption\">\u00ab\u00a0Un temps pour soi\u00a0\u00bb \u00e0 Caden<\/figcaption><\/figure><\/li><\/ul><\/figure>\n\n\n\n<div class=\"wp-block-columns\">\n<div class=\"wp-block-column\" style=\"flex-basis:100%\"><\/div>\n<\/div>\n<\/div><\/div>\n\n\n\n<div class=\"wp-block-columns\">\n<div class=\"wp-block-column\" style=\"flex-basis:100%\">\n<div class=\"wp-block-columns\">\n<div class=\"wp-block-column\" style=\"flex-basis:33.34%\">\n<figure class=\"wp-block-image size-large\"><img loading=\"lazy\" width=\"724\" height=\"1024\" src=\"http:\/\/assolaima.fr\/wp-content\/uploads\/2022\/10\/malansac-724x1024.png\" alt=\"\" class=\"wp-image-730\" srcset=\"https:\/\/assolaima.fr\/wp-content\/uploads\/2022\/10\/malansac-724x1024.png 724w, https:\/\/assolaima.fr\/wp-content\/uploads\/2022\/10\/malansac-212x300.png 212w, https:\/\/assolaima.fr\/wp-content\/uploads\/2022\/10\/malansac-768x1086.png 768w, https:\/\/assolaima.fr\/wp-content\/uploads\/2022\/10\/malansac-1086x1536.png 1086w, https:\/\/assolaima.fr\/wp-content\/uploads\/2022\/10\/malansac-1448x2048.png 1448w, https:\/\/assolaima.fr\/wp-content\/uploads\/2022\/10\/malansac.png 1587w\" sizes=\"(max-width: 724px) 100vw, 724px\" \/><figcaption>Un temps pour soi &#8211; Malansac<\/figcaption><\/figure>\n<\/div>\n\n\n\n<div class=\"wp-block-column\" style=\"flex-basis:33.34%\">\n<figure class=\"wp-block-image size-large\"><img loading=\"lazy\" width=\"724\" height=\"1024\" src=\"http:\/\/assolaima.fr\/wp-content\/uploads\/2022\/10\/limerzel-724x1024.png\" alt=\"\" class=\"wp-image-732\" srcset=\"https:\/\/assolaima.fr\/wp-content\/uploads\/2022\/10\/limerzel-724x1024.png 724w, https:\/\/assolaima.fr\/wp-content\/uploads\/2022\/10\/limerzel-212x300.png 212w, https:\/\/assolaima.fr\/wp-content\/uploads\/2022\/10\/limerzel-768x1086.png 768w, https:\/\/assolaima.fr\/wp-content\/uploads\/2022\/10\/limerzel-1086x1536.png 1086w, https:\/\/assolaima.fr\/wp-content\/uploads\/2022\/10\/limerzel-1448x2048.png 1448w, https:\/\/assolaima.fr\/wp-content\/uploads\/2022\/10\/limerzel.png 1587w\" sizes=\"(max-width: 724px) 100vw, 724px\" \/><figcaption>Un temps pour soi &#8211; Limerzel<\/figcaption><\/figure>\n<\/div>\n\n\n\n<div class=\"wp-block-column\" style=\"flex-basis:33.33%\"><\/div>\n<\/div>\n<\/div>\n<\/div>\n<\/div>\n<\/div>\n\n\n\n<p>Des espaces de pratiques pour apprendre \u00e0 respirer, d\u00e9couvrir la sophrologie et \u00e9changer en toute confiance.<\/p>\n\n\n\n<p><strong>\u00c9CHANGER &#8211; RESPIRER &#8211; SE RELAXER<\/strong><\/p>\n\n\n\n<p>1er cycle : 11, 18, 25 janvier et 1er f\u00e9vrier 2022 \u00e0 Pluherlin<\/p>\n\n\n\n<p>2\u00e8me cycle : 1, 8, 15 et 22 mars 2022 \u00e0 Caden<\/p>\n\n\n\n<p>3\u00e8me cycle : 3, 10, 17 et 24 mai 2022 \u00e0 Saint-Grav\u00e9<br><br>4\u00e8me cycle : 8, 22, 29 novembre et 6 d\u00e9cembre 2022 \u00e0 Malansac (10h &#8211; 12h)<br><br>5\u00e8me cycle : 10, 24 novembre, 1 et 8 d\u00e9cembre 2022 \u00e0 Limerzel (14h30 &#8211; 16h30)<\/p>\n\n\n\n<p><strong>Ateliers GRATUIT<\/strong><\/p>\n\n\n\n<p><em><strong>Infos et inscriptions :<\/strong><\/em> aupr\u00e8s de Marie-C\u00e9line du Centre social \u00c9veil : 02.97.66.24.63<\/p>\n\n\n\n<p><\/p>\n\n\n\n<p>Je suis heureuse de contribuer \u00e0 ces espaces de simplicit\u00e9, de partage et d&rsquo;authenticit\u00e9<\/p>\n\n\n\n<p><a href=\"https:\/\/assolaima.fr\/index.php\/a-propos-de\/intervenantes\/\" target=\"_blank\" rel=\"noreferrer noopener\">Lili Courbon<\/a>, sophrologue et animatrice de La\u00efma<\/p>\n","protected":false},"excerpt":{"rendered":"<p>avec le Centre Social \u00c9veil Des cycles d&rsquo;ateliers \u00e0 destination des Seniors : 4 rencontres \u00ab\u00a0Un temps pour soi\u00a0\u00bb pour apprendre \u00e0 mieux se conna\u00eetre, \u00e0 r\u00e9guler ses \u00e9motions et ses douleurs. Des espaces de pratiques pour apprendre \u00e0 respirer, d\u00e9couvrir la sophrologie et \u00e9changer en toute confiance. \u00c9CHANGER &#8211; RESPIRER &#8211; SE RELAXER 1er &hellip; <\/p>\n<p class=\"link-more\"><a href=\"https:\/\/assolaima.fr\/index.php\/public-senior\/\" class=\"more-link\">Continuer la lecture<span class=\"screen-reader-text\"> de &laquo;&nbsp;Public Senior&nbsp;&raquo;<\/span><\/a><\/p>\n","protected":false},"author":1,"featured_media":0,"parent":0,"menu_order":0,"comment_status":"closed","ping_status":"closed","template":"","meta":[],"_links":{"self":[{"href":"https:\/\/assolaima.fr\/index.php\/wp-json\/wp\/v2\/pages\/639"}],"collection":[{"href":"https:\/\/assolaima.fr\/index.php\/wp-json\/wp\/v2\/pages"}],"about":[{"href":"https:\/\/assolaima.fr\/index.php\/wp-json\/wp\/v2\/types\/page"}],"author":[{"embeddable":true,"href":"https:\/\/assolaima.fr\/index.php\/wp-json\/wp\/v2\/users\/1"}],"replies":[{"embeddable":true,"href":"https:\/\/assolaima.fr\/index.php\/wp-json\/wp\/v2\/comments?post=639"}],"version-history":[{"count":4,"href":"https:\/\/assolaima.fr\/index.php\/wp-json\/wp\/v2\/pages\/639\/revisions"}],"predecessor-version":[{"id":733,"href":"https:\/\/assolaima.fr\/index.php\/wp-json\/wp\/v2\/pages\/639\/revisions\/733"}],"wp:attachment":[{"href":"https:\/\/assolaima.fr\/index.php\/wp-json\/wp\/v2\/media?parent=639"}],"curies":[{"name":"wp","href":"https:\/\/api.w.org\/{rel}","templated":true}]}}

<div class="wp-block-media-text alignwide is-stacked-on-mobile"><figure class="wp-block-media-text__media"><img loading="lazy" width="1024" height="165" src="http://assolaima.fr/wp-content/uploads/2021/11/bg-EVEIL_bandeau_haut-1024x165.jpg" alt="" class="wp-image-465 size-full" srcset="https://assolaima.fr/wp-content/uploads/2021/11/bg-EVEIL_bandeau_haut-1024x165.jpg 1024w, https://assolaima.fr/wp-content/uploads/2021/11/bg-EVEIL_bandeau_haut-300x48.jpg 300w, https://assolaima.fr/wp-content/uploads/2021/11/bg-EVEIL_bandeau_haut-768x124.jpg 768w, https://assolaima.fr/wp-content/uploads/2021/11/bg-EVEIL_bandeau_haut.jpg 1181w" sizes="(max-width: 767px) 89vw, (max-width: 1000px) 54vw, (max-width: 1071px) 543px, 580px" /></figure><div class="wp-block-media-text__content">
<p class="has-large-font-size">avec le <br><a href="https://assolaima.fr/index.php/reseau-allie-es/" target="_blank" rel="noreferrer noopener">Centre Social Éveil</a></p>
</div></div>



<p>Des cycles d&rsquo;ateliers à destination des <strong>Seniors </strong>: 4 rencontres <strong>« Un temps pour soi »</strong> pour apprendre à mieux se connaître, à réguler ses émotions et ses douleurs.</p>



<div class="wp-block-columns">
<div class="wp-block-column" style="flex-basis:100%">
<div class="wp-block-group"><div class="wp-block-group__inner-container">
<figure class="wp-block-gallery columns-3 is-cropped"><ul class="blocks-gallery-grid"><li class="blocks-gallery-item"><figure><img loading="lazy" width="1587" height="2245" src="https://assolaima.fr/wp-content/uploads/2022/04/un-temps-pour-soi-1.jpg" alt="" data-id="640" data-link="https://assolaima.fr/?attachment_id=640" class="wp-image-640" srcset="https://assolaima.fr/wp-content/uploads/2022/04/un-temps-pour-soi-1.jpg 1587w, https://assolaima.fr/wp-content/uploads/2022/04/un-temps-pour-soi-1-212x300.jpg 212w, https://assolaima.fr/wp-content/uploads/2022/04/un-temps-pour-soi-1-724x1024.jpg 724w, https://assolaima.fr/wp-content/uploads/2022/04/un-temps-pour-soi-1-768x1086.jpg 768w, https://assolaima.fr/wp-content/uploads/2022/04/un-temps-pour-soi-1-1086x1536.jpg 1086w, https://assolaima.fr/wp-content/uploads/2022/04/un-temps-pour-soi-1-1448x2048.jpg 1448w" sizes="(max-width: 767px) 89vw, (max-width: 1000px) 54vw, (max-width: 1071px) 543px, 580px" /><figcaption class="blocks-gallery-item__caption">« Un temps pour soi » à Pluherlin</figcaption></figure></li><li class="blocks-gallery-item"><figure><img loading="lazy" width="1587" height="2245" src="https://assolaima.fr/wp-content/uploads/2022/04/un_temps_pour_soi_saintgrave_mai2022-2.jpg" alt="" data-id="638" data-link="https://assolaima.fr/?attachment_id=638" class="wp-image-638" srcset="https://assolaima.fr/wp-content/uploads/2022/04/un_temps_pour_soi_saintgrave_mai2022-2.jpg 1587w, https://assolaima.fr/wp-content/uploads/2022/04/un_temps_pour_soi_saintgrave_mai2022-2-212x300.jpg 212w, https://assolaima.fr/wp-content/uploads/2022/04/un_temps_pour_soi_saintgrave_mai2022-2-724x1024.jpg 724w, https://assolaima.fr/wp-content/uploads/2022/04/un_temps_pour_soi_saintgrave_mai2022-2-768x1086.jpg 768w, https://assolaima.fr/wp-content/uploads/2022/04/un_temps_pour_soi_saintgrave_mai2022-2-1086x1536.jpg 1086w, https://assolaima.fr/wp-content/uploads/2022/04/un_temps_pour_soi_saintgrave_mai2022-2-1448x2048.jpg 1448w" sizes="(max-width: 767px) 89vw, (max-width: 1000px) 54vw, (max-width: 1071px) 543px, 580px" /><figcaption class="blocks-gallery-item__caption">« Un temps pour soi » à Sain-Gravé</figcaption></figure></li><li class="blocks-gallery-item"><figure><img loading="lazy" width="1587" height="2245" src="https://assolaima.fr/wp-content/uploads/2022/04/un-temps-pour-soi-caden.jpg" alt="" data-id="637" data-link="https://assolaima.fr/?attachment_id=637" class="wp-image-637" srcset="https://assolaima.fr/wp-content/uploads/2022/04/un-temps-pour-soi-caden.jpg 1587w, https://assolaima.fr/wp-content/uploads/2022/04/un-temps-pour-soi-caden-212x300.jpg 212w, https://assolaima.fr/wp-content/uploads/2022/04/un-temps-pour-soi-caden-724x1024.jpg 724w, https://assolaima.fr/wp-content/uploads/2022/04/un-temps-pour-soi-caden-768x1086.jpg 768w, https://assolaima.fr/wp-content/uploads/2022/04/un-temps-pour-soi-caden-1086x1536.jpg 1086w, https://assolaima.fr/wp-content/uploads/2022/04/un-temps-pour-soi-caden-1448x2048.jpg 1448w" sizes="(max-width: 767px) 89vw, (max-width: 1000px) 54vw, (max-width: 1071px) 543px, 580px" /><figcaption class="blocks-gallery-item__caption">« Un temps pour soi » à Caden</figcaption></figure></li></ul></figure>



<div class="wp-block-columns">
<div class="wp-block-column" style="flex-basis:100%"></div>
</div>
</div></div>



<div class="wp-block-columns">
<div class="wp-block-column" style="flex-basis:100%">
<div class="wp-block-columns">
<div class="wp-block-column" style="flex-basis:33.34%">
<figure class="wp-block-image size-large"><img loading="lazy" width="724" height="1024" src="http://assolaima.fr/wp-content/uploads/2022/10/malansac-724x1024.png" alt="" class="wp-image-730" srcset="https://assolaima.fr/wp-content/uploads/2022/10/malansac-724x1024.png 724w, https://assolaima.fr/wp-content/uploads/2022/10/malansac-212x300.png 212w, https://assolaima.fr/wp-content/uploads/2022/10/malansac-768x1086.png 768w, https://assolaima.fr/wp-content/uploads/2022/10/malansac-1086x1536.png 1086w, https://assolaima.fr/wp-content/uploads/2022/10/malansac-1448x2048.png 1448w, https://assolaima.fr/wp-content/uploads/2022/10/malansac.png 1587w" sizes="(max-width: 724px) 100vw, 724px" /><figcaption>Un temps pour soi &#8211; Malansac</figcaption></figure>
</div>



<div class="wp-block-column" style="flex-basis:33.34%">
<figure class="wp-block-image size-large"><img loading="lazy" width="724" height="1024" src="http://assolaima.fr/wp-content/uploads/2022/10/limerzel-724x1024.png" alt="" class="wp-image-732" srcset="https://assolaima.fr/wp-content/uploads/2022/10/limerzel-724x1024.png 724w, https://assolaima.fr/wp-content/uploads/2022/10/limerzel-212x300.png 212w, https://assolaima.fr/wp-content/uploads/2022/10/limerzel-768x1086.png 768w, https://assolaima.fr/wp-content/uploads/2022/10/limerzel-1086x1536.png 1086w, https://assolaima.fr/wp-content/uploads/2022/10/limerzel-1448x2048.png 1448w, https://assolaima.fr/wp-content/uploads/2022/10/limerzel.png 1587w" sizes="(max-width: 724px) 100vw, 724px" /><figcaption>Un temps pour soi &#8211; Limerzel</figcaption></figure>
</div>



<div class="wp-block-column" style="flex-basis:33.33%"></div>
</div>
</div>
</div>
</div>
</div>



<p>Des espaces de pratiques pour apprendre à respirer, découvrir la sophrologie et échanger en toute confiance.</p>



<p><strong>ÉCHANGER &#8211; RESPIRER &#8211; SE RELAXER</strong></p>



<p>1er cycle : 11, 18, 25 janvier et 1er février 2022 à Pluherlin</p>



<p>2ème cycle : 1, 8, 15 et 22 mars 2022 à Caden</p>



<p>3ème cycle : 3, 10, 17 et 24 mai 2022 à Saint-Gravé<br><br>4ème cycle : 8, 22, 29 novembre et 6 décembre 2022 à Malansac (10h &#8211; 12h)<br><br>5ème cycle : 10, 24 novembre, 1 et 8 décembre 2022 à Limerzel (14h30 &#8211; 16h30)</p>



<p><strong>Ateliers GRATUIT</strong></p>



<p><em><strong>Infos et inscriptions :</strong></em> auprès de Marie-Céline du Centre social Éveil : 02.97.66.24.63</p>



<p></p>



<p>Je suis heureuse de contribuer à ces espaces de simplicité, de partage et d&rsquo;authenticité</p>



<p><a href="https://assolaima.fr/index.php/a-propos-de/intervenantes/" target="_blank" rel="noreferrer noopener">Lili Courbon</a>, sophrologue et animatrice de Laïma</p>

<p>avec le Centre Social Éveil Des cycles d&rsquo;ateliers à destination des Seniors : 4 rencontres « Un temps pour soi » pour apprendre à mieux se connaître, à réguler ses émotions et ses douleurs. Des espaces de pratiques pour apprendre à respirer, découvrir la sophrologie et échanger en toute confiance. ÉCHANGER &#8211; RESPIRER &#8211; SE RELAXER 1er &hellip; </p>
<p class="link-more"><a href="https://assolaima.fr/index.php/public-senior/" class="more-link">Continuer la lecture<span class="screen-reader-text"> de &laquo;&nbsp;Public Senior&nbsp;&raquo;</span></a></p>
