{"id":630,"date":"2022-04-11T16:50:36","date_gmt":"2022-04-11T14:50:36","guid":{"rendered":"https:\/\/assolaima.fr\/?page_id=630"},"modified":"2023-01-19T13:49:12","modified_gmt":"2023-01-19T12:49:12","slug":"projets-specifiques","status":"publish","type":"page","link":"https:\/\/assolaima.fr\/index.php\/projets-specifiques\/","title":{"rendered":"Projets sp\u00e9cifiques"},"content":{"rendered":"\n<p>La\u00efma travaille en partenariat avec divers structures du territoire et pour diff\u00e9rents publics. <br>Nous publions dans cet espace tous les projets pass\u00e9s, en cours et en devenir pour permettre une plus grande accessibilit\u00e9 de nos propositions. <\/p>\n","protected":false},"excerpt":{"rendered":"<p>La\u00efma travaille en partenariat avec divers structures du territoire et pour diff\u00e9rents publics. Nous publions dans cet espace tous les projets pass\u00e9s, en cours et en devenir pour permettre une plus grande accessibilit\u00e9 de nos propositions.<\/p>\n","protected":false},"author":1,"featured_media":0,"parent":0,"menu_order":0,"comment_status":"closed","ping_status":"closed","template":"","meta":[],"_links":{"self":[{"href":"https:\/\/assolaima.fr\/index.php\/wp-json\/wp\/v2\/pages\/630"}],"collection":[{"href":"https:\/\/assolaima.fr\/index.php\/wp-json\/wp\/v2\/pages"}],"about":[{"href":"https:\/\/assolaima.fr\/index.php\/wp-json\/wp\/v2\/types\/page"}],"author":[{"embeddable":true,"href":"https:\/\/assolaima.fr\/index.php\/wp-json\/wp\/v2\/users\/1"}],"replies":[{"embeddable":true,"href":"https:\/\/assolaima.fr\/index.php\/wp-json\/wp\/v2\/comments?post=630"}],"version-history":[{"count":2,"href":"https:\/\/assolaima.fr\/index.php\/wp-json\/wp\/v2\/pages\/630\/revisions"}],"predecessor-version":[{"id":750,"href":"https:\/\/assolaima.fr\/index.php\/wp-json\/wp\/v2\/pages\/630\/revisions\/750"}],"wp:attachment":[{"href":"https:\/\/assolaima.fr\/index.php\/wp-json\/wp\/v2\/media?parent=630"}],"curies":[{"name":"wp","href":"https:\/\/api.w.org\/{rel}","templated":true}]}}